l) = -l**3 + 6*l**2 - 4*l - 6. Give s(f).
-1
Let a(h) = 15*h**3 - 42*h**2 - 20*h - 30. Let v(z) = 9*z**3 - 26*z**2 - 12*z - 18. Let m(f) = -8*a(f) + 13*v(f). What is m(-3)?
57
Let o(k) = 2*k**2 - 4604*k**3 - 3 - 4586*k**3 + 9193*k**3 + 2. Let l be 2/8 + 5/(-4). Determine o(l).
-2
Let d(g) = 2*g**3 + 2*g**2 + 3*g + 3. Let t(z) = z**3 - 12*z**2 + 11*z + 5. Let q be t(11). Let r(i) = i**2 - 27. Let j be r(q). What is d(j)?
-11
Let h(r) be the first derivative of -7/3*r**3 - 41 + 3/2*r**2 + r. Calculate h(-1).
-9
Let n(u) be the second derivative of -11*u**3/6 - u**2/2 + 4*u. Suppose -6*v = 2*v - 15*v + 7. Calculate n(v).
-12
Let t(d) = -d**3 + 13*d**2 - 2*d + 30. Let r be t(13). Let g(h) be the third derivative of h**5/60 - h**4/8 - h**3/6 + 4*h**2. Determine g(r).
3
Let h(s) be the third derivative of -s**5/60 + s**4/24 + 2*s**3/3 + 111*s**2. Let k be (-1 - 2)*(2 - 1). Let m be 2*(0 + (k - -1)). Give h(m).
-16
Let t = 18709 + -18707. Let w(p) = -10*p**3 - 4*p**2 + 8*p - 2. Determine w(t).
-82
Suppose -s - 6*k + 14 = -5*k, -5*s + 4*k + 52 = 0. Suppose -6 = -s*v - 18. Let w(n) = 0 + 3*n - 1 - 14*n. Give w(v).
10
Let n(k) = 23*k + 80*k + 83*k - 449 - 14*k - 240. What is n(4)?
-1
Let b(g) be the third derivative of g**5/60 + g**4/8 + g**3/6 - g**2. Let x be 54/4 + 1 + 20/(-8). Suppose 4*a + 11*w + x = 9*w, 0 = -3*a - w - 9. Give b(a).
1
Let m = -12238 + 12239. Let i(y) be the third derivative of -13*y**4/24 - y**3/6 - y**2. Calculate i(m).
-14
Let z(b) = b**2 - 7*b - 10. Suppose -5*s + 3*s = 4*s. Let w(h) = -h**2 - 16*h + 7. Let m be w(s). Calculate z(m).
-10
Let x(m) be the third derivative of -1/24*m**4 + 0*m - 97*m**2 + 1 - 7/3*m**3. What is x(-12)?
-2
Let l(y) = -299 - 4*y - 5*y + 289 - 5*y**3. Let f(r) = -r**3 - r - 1. Let g(c) = 6*f(c) - l(c). Determine g(3).
-14
Suppose 7*z - 8*z - 4*x = 16, -16 = 3*z + 4*x. Let r(k) = k**2 + k - 12. Give r(z).
-12
Let s(r) be the third derivative of -r**5/60 + r**4/8 - 5*r**3/6 - 272*r**2 + 2*r. What is s(0)?
-5
Let c(g) be the second derivative of 0 - 18*g + 0*g**2 + 1/6*g**3. Determine c(-4).
-4
Let h(m) = 4*m - 21 + 8 + 13 - 2. Suppose -3*w + 1 = -2. Suppose 0 = -p + 4 - w. Determine h(p).
10
Let k(r) be the second derivative of r**4/24 + 5*r**3/3 - 173*r**2/2 + 127*r. Let p(j) be the first derivative of k(j). Calculate p(-3).
7
Let g(x) = 2*x**3 + 2*x**2 - 6*x + 5. Let q be -4 - (-300)/66 - (-25)/55. Determine g(q).
3
Let l(v) be the first derivative of 1/3*v**3 + 4*v + 5/2*v**2 + 70. Calculate l(-4).
0
Let u(f) be the second derivative of -f**3/2 - 7*f**2/2 + 8304*f. Calculate u(3).
-16
Let n(i) be the first derivative of 39*i**2/2 - 199*i - 4546. Determine n(5).
-4
Let j(v) be the first derivative of 59*v**2/2 - 2*v + 7309. Determine j(-1).
-61
Let p(o) be the third derivative of o**6/120 + o**5/30 - o**4/6 + 7*o**3/6 - 29*o**2 - 11. What is p(-4)?
-9
Let k(d) = 2*d**2 + 10 + d**3 + 4*d**2 - 2*d + 3*d. Suppose -16*l + 163*l + 1860 = -163*l. Calculate k(l).
4
Let r be 2/(-7) + ((-116)/(-7))/2. Let i(h) = -3*h + 28. Let b be i(r). Let d(g) = 0*g**2 - g**2 + 2*g + 1 - b*g**2 + 7*g**2. Calculate d(3).
25
Suppose -3*d - 3*v + 3 = 0, 4*d + 5*v - 10 + 5 = 0. Suppose 5 = g - 2*n - d, -2*g - 8 = 2*n. Let j(o) = 2*o**2 + 7*o**3 - 3*o**2 + 1 - 1. What is j(g)?
-8
Let s(x) = -x**2 - 9*x - 11. Let z = -1227 + 1218. What is s(z)?
-11
Let w(k) = -2*k**2 + 77*k - 90. Let h(t) = 3*t**2 - 115*t + 136. Let a(p) = -5*h(p) - 7*w(p). Calculate a(35).
-15
Let x(t) = -29*t - 48 + 18*t + 4*t**3 + 41 + 16*t - 2*t**2 - 5*t**3. Determine x(-4).
5
Suppose 7 = 4*v - 5. Suppose 0 = 5*g - 3*g - 4. Let o(h) = 3 + 6*h**g + 2*h - 8*h + 0*h**2 - 5*h**2. Give o(v).
-6
Let c = -56 - 66. Let j = -117 - c. Let n be j/(-1) - (-8)/(-1 + 3). Let t(l) = 19*l - 1. Give t(n).
-20
Let t(n) be the first derivative of 14*n**4 + n**3/3 + n**2/2 - 2*n + 1828. Give t(1).
56
Let t(j) = 748*j - 19 - 308*j - 437*j. Determine t(-7).
-40
Let j = -360 + 356. Let s(o) be the second derivative of o**5/20 + 5*o**4/12 + o**3 + 5*o**2/2 + 4*o. Give s(j).
-3
Let r = -193 - -196. Let m(f) = 27*f**2 + r + f + 6 - 2 - 6. What is m(-1)?
27
Let w(b) = -b**2 - 29*b - 109. Suppose -5*p - 103 - 22 = 0. Let v be w(p). Let q(o) = -o**2 - 10*o - 10. What is q(v)?
-1
Let g(j) = -34*j**2 - 83*j - 237. Let w(m) = 10*m**2 + 29*m + 79. Let s(d) = -2*g(d) - 7*w(d). Give s(-16).
1
Suppose 14*y = 3*y + 550. Let g(f) = y + 45 - 8*f - 141 + 49. Give g(4).
-29
Let o(u) = -u**2 + 8*u - 6. Let z(v) = -1. Let j(t) = o(t) - 3*z(t). Let g be (2/7)/(8/(-56)). Let l be (3/1 - g)/(0 + 1). Give j(l).
12
Let r(j) = -2*j + 7. Let y be r(4). Let g = 55 - 53. Let a(z) = z + 1 - 6 - 9*z**g + 6. Determine a(y).
-9
Let z(n) = n**2 - 8*n - 1. Let x be (-7)/((-30)/(-36) + 4 - 5). Suppose -x = -39*h + 32*h. Give z(h).
-13
Suppose -k + 4 = -2*x, 365*k + 4*x + 14 = 366*k. Let c(h) be the second derivative of -h**5/20 - h**4/2 + h**3/6 + h**2 + 2*h. Determine c(k).
-4
Let t(r) be the first derivative of -105 - r**2 + 3*r - 2/3*r**3. Calculate t(-3).
-9
Let v(b) be the second derivative of -b**5/10 - 7*b**4/12 - 11*b**3/6 - 3*b**2 + 11067*b. What is v(-4)?
54
Let m(n) be the second derivative of 5*n + 1/60*n**5 + 0 - 9*n**2 + 11/6*n**3 - 1/2*n**4. Let t(h) be the first derivative of m(h). Give t(10).
-9
Let n(q) = -3 + q**2 + 1 - 6 - 6*q + 12*q. Let s(o) = -281*o + 2240. Let g be s(8). Calculate n(g).
8
Let i(v) be the first derivative of -v**7/840 + v**6/45 - v**5/20 - v**4/3 + 15*v**3 - 32. Let r(b) be the third derivative of i(b). What is r(7)?
-1
Let z(i) = -2*i**2. Let u(v) = -v**2 - 6*v - 3. Let y = -69 + 64. Let p be u(y). What is z(p)?
-8
Let o(a) = 5*a - 120. Let y(w) = 229*w**2 - 2057*w - 19. Let k be y(9). What is o(k)?
-35
Let r(i) = -2*i**2 + 11*i + 5. Let o(y) = y**2 + y. Let v(u) = -3*o(u) - r(u). Let j be v(-13). Let h(a) = -2*a + 3*a + 6*a + 2 - j*a. What is h(-5)?
7
Suppose -5547 + 5147 = -40*a. Let v(x) be the first derivative of -x**3/3 + 9*x**2/2 + 13*x - 1. What is v(a)?
3
Let a(k) = k**3 + 6*k**2 + k + 8. Let i = 146 + -139. Let l = i - 13. Give a(l).
2
Let c(u) = -6*u - 2. Let a(n) = -13*n. Let r(k) = a(k) - 2*c(k). Determine r(4).
0
Suppose 0 = -2*p + m + 94, 2*m = 4*m. Suppose 1656 = 36*a - 144. Let i(x) = a + p - x - 96. Give i(-2).
3
Let m(p) = -p**3 + 3*p - 3. Let l(g) = 2*g - 22. Let v be l(9). Let h = 13 + v. Let r be 2 + (-21)/h + 90/27. Give m(r).
-21
Suppose -4*n - 2*f - 14 = 0, -2*f = 3*n - 7*f + 4. Let s(d) = 4*d**2 - 7*d - 17. Let m(g) = -9*g**2 + 16*g + 33. Let v(i) = n*m(i) - 7*s(i). Calculate v(0).
20
Let f(r) be the second derivative of 4*r + 1/6*r**3 + 2 - 5/2*r**2. Let y(u) = 3*u**2 - 2*u + 1. Let o be y(2). Determine f(o).
4
Let r(t) be the second derivative of t**3/3 - t**2 + 2*t - 616. Suppose 22 = -w + 5*l, 2 = 2*l - 8. Give r(w).
4
Let t be 0 + 2 + 2 + 3 - 8. Let x(f) = 5*f**2 + 4*f + 4. Determine x(t).
5
Suppose -518*p + 521*p + 27 = 0. Let v(c) = -c**2 - 7*c + 31. What is v(p)?
13
Let g(d) = -2*d**3 + 12*d**2 + 30*d + 18. Let f be 16/(-3)*20/40*-3. Calculate g(f).
2
Let i(h) = h**2 - 3*h - 6. Suppose 3*y + 0*y = 6, -2*g - 6 = 2*y. Let u(t) = t**3 + 5*t**2. Let f be u(g). Let w be (1 - f - -1) + -5 - -8. Determine i(w).
4
Let c be (-3 + 0 - 48/(-9))*(-1 + 4). Let n(b) = b**2 - 11*b - 4. Calculate n(c).
-32
Suppose 5*i = 0, 24 = -2*z + 5*z + 2*i. Let q(j) = -j - 5. Let g(c) = -2*c. Let h(d) = -2*g(d) + 2*q(d). What is h(z)?
6
Let z(i) be the first derivative of -i**2 - 16 - 7*i - 46 + 25. What is z(-5)?
3
Let j(g) = g**3 + 5*g**2 + 3*g - 4. Let w(z) = -42*z - 3 + 2616*z**2 - z**3 - 68*z - 2637*z**2. Let n be w(-10). Determine j(n).
5
Let z(f) be the second derivative of -37*f**3/6 - 2109*f. Determine z(-1).
37
Let a(d) = d**3 + 20*d**2 - d - 18. Let j = -33 + 13. Let m be a(j). Let g(b) = 2*b**2 - b**m + 6*b**2 - 4 - 6*b**2. Give g(-3).
5
Let j(k) be the second derivative of 61*k**3/6 + 57*k**2 - 3478*k. Give j(-2).
-8
Suppose -86*k - 71 = -81*k + u, -u = 4*k + 58. Let o(d) = d**3 + 12*d**2 - 15*d. Give o(k).
26
Let z(u) = -7*u**3 - 38*u**2 - 21*u - 303. Let f(p) = -25*p**3 - 133*p**2 - 74*p - 1061. Let t(b) = -5*f(b) + 18*z(b). Determine t(-19).
3
Suppose -3*l = -4*y + 199 + 168, -2*y = 2*l - 180. Suppose -3*f - y = 287. Let n = f + 136. Let i(g) = -g**3 +